15 = -c + 50. Let m = -4456 - -4508. What is the greatest common divisor of m and c?
13
Let b(u) = 4*u**2 + 33*u - 20. Let s be b(5). Suppose -4*k - 184 = -4*q, -5*k = -8 - 7. What is the greatest common divisor of q and s?
49
Let k be (-3390)/(-110) + 5/(330/12). Calculate the greatest common factor of 7037 and k.
31
Suppose 4*x + 60947 = 3*d, 5*d - 1253*x + 1249*x = 101581. Calculate the greatest common factor of 11 and d.
11
Suppose -49739 - 11036 = -21*n - 4*n. What is the greatest common divisor of 2057 and n?
187
Let d = 223 - -103. Let c be 8/(-36) - d/(-9). What is the highest common divisor of 84 and c?
12
Let g be 21 - (19 + -5)/(-2). Let u = 427 - 245. What is the greatest common factor of u and g?
14
Suppose -c + 38 = 4*x - 18, -4*x + 60 = 2*c. Suppose -6*r + x*r = -448. Let o = r - -69. Calculate the greatest common factor of o and 1.
1
Let s(k) = -k**3 + 34*k**2 + 111*k - 3. Let c be s(37). Let z(g) = -3*g**3 - 6*g**2 + g + 16. Let m be z(c). Calculate the greatest common factor of m and 280.
40
Let j be (-6 - (-7 + 2)) + 71. Let g = j - 67. Suppose b + 46 = 4*w, -5*w - g*b + 47 + 19 = 0. What is the greatest common factor of 12 and w?
12
Let u = -270 - -298. Suppose -14*n - 238 = -u*n. Calculate the greatest common factor of n and 221.
17
Let t be 1/(-4) + 9/36. Suppose -108 = -t*i - 9*i. Suppose -48 = -v - 3*z, -10 - 38 = -v + z. What is the highest common factor of v and i?
12
Suppose 15759747 - 4426027 = 134*r. What is the greatest common divisor of 20 and r?
20
Let k be 4180 - 20*20/(-50). What is the greatest common divisor of 12 and k?
12
Let g(k) = -6*k - 2. Let a be g(0). Let o be (-1)/(a/(-6)) + (-536 - -27). Let x be (o/12)/((-2)/6). Calculate the greatest common factor of x and 16.
16
Suppose 4*f + 5 = 5*b + 16, 4*f = 4*b + 12. Let v be 62 + (-5 + f - -3). What is the highest common divisor of 224 and v?
32
Suppose 24 = w + 5*r, 0 = 3*w + 5*r - 2*r - 24. Suppose 7*z + 574 = 9*z - h, 4*z - 1144 = w*h. What is the highest common divisor of 12 and z?
12
Suppose j - 25969 = -40*w + 36*w, 10*j - 260018 = w. Calculate the highest common factor of 243 and j.
243
Let h = 81 - 324. Let r = -241 - h. Let c be ((-3)/(-9))/((-1)/(-21)). What is the highest common factor of r and c?
1
Let i be (-2)/(-1) + -7 + 7. Suppose -6*z + 0*z + 24 = 0. Suppose -j = 0, i*b - z*j = -7*j + 6. Calculate the greatest common factor of 39 and b.
3
Suppose -73*q = -77*q + 8. Suppose q*y + 6*f - 14 = 8*f, -2*y - 7 = 5*f. Calculate the greatest common factor of 52 and y.
4
Suppose 5*s - 13 + 3 = o, 4*o = -2*s + 4. Let u be (-7)/105 + 3/(-9) + 312/5. Suppose -c = -u - s. What is the highest common factor of c and 32?
32
Let m = -6632 + 23032. Calculate the highest common divisor of 600 and m.
200
Let w(d) = -2*d**3 + 19*d + 154. Let j be w(-6). Calculate the greatest common factor of j and 40.
8
Suppose -4*f - 84 = -68, -2*f = -2*q + 4388. What is the greatest common factor of q and 60?
30
Suppose 3008 = 9*q - 1429. Let o = -444 + q. Calculate the greatest common factor of o and 392.
49
Let c(g) = g**3 - 7*g**2 + 15*g - 6. Suppose -40 - 50 = -9*u. Let o be c(u). Calculate the greatest common divisor of o and 12.
12
Suppose 0 = 4*r + 59 - 47. Let z(t) be the first derivative of -11*t**2/2 - 3*t + 2. Let u be z(r). Calculate the highest common factor of 15 and u.
15
Suppose 588727 = 72*r + 102858 - 171203. What is the greatest common divisor of 54 and r?
54
Suppose 6 = -2*q + 3*p + 52, -q - 3 = 5*p. Calculate the greatest common factor of q and 1207.
17
Let v be 6/(-1 + (-183)/(-174)). Let q = 221 - v. Calculate the greatest common divisor of q and 175.
35
Let l = -188 - -296. Let p be (1512/l)/(4/(1*2)). Calculate the highest common divisor of 91 and p.
7
Let d be 4/(10/5) + 5. Suppose -d*h - 3*w = -2*h - 1312, 4*h = w + 1036. Calculate the highest common divisor of h and 20.
20
Suppose -4*m + 3*l = -3051, 7*m + l = 940 + 4443. Calculate the highest common divisor of m and 3264.
192
Suppose 5*i = -5*v - 135, -4*i - 76 = -v + 4*v. Let a be 1/(-8) + 2044/v. Let u = a + 96. What is the highest common divisor of u and 112?
16
Suppose -11*g - 3136 = -27*g. Let a be 1/2 + 110/4. What is the highest common divisor of a and g?
28
Suppose -4*y - w + 709 = 0, 3*w = -4*y + 420 + 283. Let v = 199 - y. Calculate the greatest common factor of v and 3.
3
Suppose -2708*d = -2849*d + 31020. What is the highest common divisor of 6325 and d?
55
Let f be 35632/18 - (4 + (-400)/90). What is the greatest common divisor of 540 and f?
180
Let k = 174 - 107. Let b = k + -63. What is the highest common factor of 18 and b?
2
Let f(d) = 2*d**3 - 6*d**2 - 49*d - 15. Let b be f(9). Let h = b - 20. Calculate the highest common divisor of h and 62.
62
Let d = 281 + -279. Let i be 3*((-76)/(-12) - d). Calculate the highest common divisor of i and 234.
13
Suppose 0 = -2*c + 5*s + 57, 11 = c - 5*s - 10. Calculate the highest common factor of c and 78.
6
Suppose -g - 5*a + 226 = 0, 7*g - 3*g = -a + 942. Let x = g + -228. What is the greatest common divisor of 2 and x?
2
Let m be (-2)/4 - ((-180)/8 + 4). Let l be 27/9 - 2*-1. Suppose 0 = -l*v + 28 - m. What is the highest common divisor of v and 16?
2
Suppose -1392144 - 1064871 = -360*u - 178215. Calculate the greatest common divisor of 90 and u.
30
Let l be ((-75)/10 - 4)*-6. Suppose 3*o + 24 = l. What is the greatest common factor of 35 and o?
5
Let f = 431 - 422. Suppose 0*y + 4*y = 0. Let s be (y + -5 - -3) + 74. Calculate the highest common factor of s and f.
9
Let f = -304 - -309. Suppose -f*v - 3*d + 2998 = -5*d, 3*d = -12. What is the highest common divisor of v and 138?
46
Let r be (-20)/(-330) + (-16820)/(-165). What is the greatest common factor of 2176 and r?
34
Let i(r) be the first derivative of 7*r**2/2 + 167*r + 17. Let x be i(-20). What is the greatest common factor of 90 and x?
9
Let j = -31 + 60. Suppose -5*p = -2*k - 2*k + 23, 2*k = 5*p + j. Let c = 45 - p. Calculate the highest common divisor of c and 78.
26
Let j be ((-22)/(-6))/((-2)/(-240)). Suppose 88*p + 111*p - 7960 = 0. What is the greatest common factor of j and p?
40
Let a(f) = f**3 - 4*f**2 - 5*f + 4. Let k be a(-6). Let z = k + 641. Calculate the highest common factor of z and 35.
35
Let f = 890 + -857. What is the highest common factor of 121 and f?
11
Let r(p) = -56*p**3 - 138*p**2 - 13*p - 14. Let z be r(-9). Calculate the highest common factor of 419 and z.
419
Let w(v) = -v**3 + 108*v**2 + 1183*v - 342. Let j be w(118). Calculate the greatest common divisor of 1461 and j.
3
Let b be (-274)/(-18) - 2/9. Suppose 238 = 8*p + 166. Calculate the highest common factor of b and p.
3
Let f = -22 + 9. Let z = f - -11. Let a be (-5 + (-6 - -3))/z. Calculate the greatest common factor of a and 1.
1
Suppose 3*c - 3*i = -14 + 11, -16 = -5*c - 2*i. Calculate the greatest common divisor of c and 82.
2
Suppose 49994 = 5*o - p - 37580, -52584 = -3*o + 5*p. Calculate the highest common factor of o and 83.
83
Suppose -4*g + 490 = g. Suppose -3*i - 5*x + 563 = 0, x - 590 - 385 = -5*i. What is the greatest common factor of i and g?
98
Let p be 262584/315 - (-8)/(-5). What is the highest common factor of 26 and p?
26
Let i = 10316 - 10074. What is the greatest common divisor of i and 4?
2
Suppose 14 = t - 25. Let b(g) = 16*g**2 + 4*g - 6. Let d be b(-4). Let k be (-3 - (-36)/8)*d. What is the highest common factor of k and t?
39
Let d = -8008 - -8320. What is the highest common factor of d and 1272?
24
Suppose -11601 = -26*h - 22*h - 753. Calculate the highest common factor of h and 18871.
113
Let n be (9/12)/(2/24). Suppose -2*c + 3*w + 288 = 0, -303 = -c - 3*w - 132. What is the greatest common divisor of n and c?
9
Let k be (26 + -23)/((-12)/60*(-30)/4). Let s = -79 - -151. Suppose 10*d - r = 5*d + s, d + 5*r = 4. Calculate the highest common divisor of d and k.
2
Suppose 0 = -2*n + k - 11, 5*k - 25 = 103*n - 98*n. Let c be 1*n + (71 - 63). Calculate the highest common factor of 13 and c.
1
Suppose 7*f - 73 = 6*f. Let c = 74 - f. Let s be (-4 - (-1 + c))/(1 - 2). Calculate the greatest common divisor of 32 and s.
4
Let o(c) = 23*c**2 - 2*c - 4. Let r be o(-1). Let y = 545 + -209. Calculate the greatest common factor of y and r.
21
Let r(q) = -q**2 + 13*q + 572. Let j